+ 0 + 1/120*h**6 + 0*h + 2*h**2 - 1/10*h**5. What are the prime factors of c(5)?
2
Let n(h) = -13*h - 18. List the prime factors of n(-10).
2, 7
Suppose c - 14 = 4*b + 38, -4*b - 92 = -2*c. What are the prime factors of c?
2, 5
Suppose 3*l + 5*x - 213 = -10, 4*x = -2*l + 132. What are the prime factors of l?
2, 19
Let w(t) = -t**3 - 4*t**2 - 2*t + 6. List the prime factors of w(-5).
41
Suppose 3*i = -4*a + 271, -6*a + 3*a + 212 = 4*i. What are the prime factors of a?
2
Let q = -1 + 1. Suppose c = -q*c + 4. Suppose -c*m + 8 = -0*m. List the prime factors of m.
2
Let o(m) = -m + 4. Let f(y) = -y**3 - 2*y**2 - y - 2. Let a be f(-2). Let n be o(a). Suppose -16 = -0*c - n*c. What are the prime factors of c?
2
Let h(f) = f**3 + 20*f**2 - 20*f + 34. List the prime factors of h(-20).
2, 7, 31
Let m(h) = -22*h**3 - 1. What are the prime factors of m(-1)?
3, 7
Suppose -a - 4 = r, a + 3*a = -16. Suppose 4*l = g - r*g + 7, -2*l + 6 = 2*g. List the prime factors of l.
2
Let g(s) = -56*s - 1. Let h be g(-1). Suppose -3*u + 5 + h = 0. What are the prime factors of u?
2, 5
Suppose 0 = -h - 3*h + 8. Suppose -4 + h = s. Let p = s - -12. List the prime factors of p.
2, 5
Suppose 0 = -2*u - 2*u + 52. Let k = u - 6. List the prime factors of k.
7
Let d(q) = -3*q**3 + q. Let n be d(-1). Suppose -n*f = -3*f + 4*k + 7, -2*f - 2*k = -24. What are the prime factors of f?
11
Suppose y = 21 + 9. Suppose 4*c = -3*o + y, 0*c + o = -4*c + 34. List the prime factors of c.
3
List the prime factors of (-4)/8*-26 - -1.
2, 7
Let l(n) = n**3 - 12*n**2 + 11*n + 8. Let h be l(11). Let c = -4 + h. Suppose -f - 36 = -c*f. List the prime factors of f.
2, 3
Let z be -32*(-1 - (-3)/2). Let h = -29 + 25. What are the prime factors of (-31)/h - 4/z?
2
Suppose -4*y + y = 2*m - 35, -4*m + 25 = 3*y. Let w = y - -14. What are the prime factors of w?
29
Suppose -148 - 2 = -3*l. Suppose -4*p + 4*s + 52 = 0, -7*p + 2*p + 2*s = -l. List the prime factors of p.
2
Suppose 3*s - w + 47 = 5*s, -3*s + 70 = w. What are the prime factors of s?
23
List the prime factors of (1 - 2)/(2/(-100)).
2, 5
Suppose 4*i + 10 = 5*i. Let q = 20 - i. What are the prime factors of q?
2, 5
What are the prime factors of (-1)/(-4) - (6 - (-4204)/(-16))?
257
Suppose 8*l - 5 = -y + 4*l, 3*y + 5 = -2*l. Let v = y - -6. List the prime factors of v.
3
Let x(r) = -7*r**3 - r**2 - r. Let j(o) = -3*o**3 - o**2 - o. Let m(b) = 5*j(b) - 2*x(b). List the prime factors of m(-2).
2
Let s(q) = -39*q**2 - 7*q + 3. Let c(k) = 20*k**2 + 3*k - 1. Let t(l) = 5*c(l) + 2*s(l). List the prime factors of t(-1).
2, 11
Suppose 5*m = m - 4*l - 92, 20 = -4*l. Let s = -9 - m. Suppose 2*q - 3 = -k, 2*k = -q - 2*k - s. List the prime factors of q.
3
What are the prime factors of 30 - ((-12)/4)/(-3)?
29
List the prime factors of 0 + (-9)/15 + 1156/10.
5, 23
List the prime factors of (-3 - 92/(-28)) + 2052/21.
2, 7
Let j(w) = 7*w**2 - 3. List the prime factors of j(-2).
5
Let q(c) be the third derivative of -c**6/120 - c**5/10 + c**4/8 + 3*c**3/2 + 9*c**2. What are the prime factors of q(-7)?
37
Suppose a + 0*a = 143. What are the prime factors of a?
11, 13
Let g(n) = 5*n + 6. List the prime factors of g(6).
2, 3
Suppose -i - 6 = -3*i. What are the prime factors of (7 - -1) + (5 - i)?
2, 5
Suppose 0*n + 469 = 7*n. List the prime factors of n.
67
Let o(z) = -z**3 - 7*z**2 + 7*z - 1. Let m be o(-7). What are the prime factors of 24/15*m/(-4)?
2, 5
Suppose 2*c = -i + 3*i - 150, -2*i = c - 153. List the prime factors of i.
2, 19
Let o = 23 - 16. Let s(f) = 2*f - 7. What are the prime factors of s(o)?
7
Suppose 0 = -4*o - 8. Let q(a) = -2*a + 1. Let j be q(o). Suppose j*m = 2*r + 65, -4*m - 26 = -6*m - 3*r. List the prime factors of m.
13
Let y(s) = -131*s + 23. What are the prime factors of y(-3)?
2, 13
Let j be (-1)/(-2*2/24). Let u(m) = -m + 1. Let b be u(j). What are the prime factors of 1/(-3)*b*3?
5
Suppose 4*b = 3*b + 63. List the prime factors of b.
3, 7
Let u(d) = -3*d + 11. Let t be u(5). Let h(r) = -r + 9. List the prime factors of h(t).
13
Let z = -40 + 82. Let g = z - 25. What are the prime factors of g?
17
Let r(d) = -d**3 - 4*d**2 - 7*d - 2. List the prime factors of r(-5).
2, 29
Let q(l) be the first derivative of l**3 + l**2/2 + 2*l + 1. What are the prime factors of q(2)?
2
Let k be (1/1)/(-1)*-4. Suppose n = k*n - 75. List the prime factors of n.
5
Suppose -20 = 5*d, a + 5*d - 6*d = 20. Let w = 23 - 32. Let l = a + w. List the prime factors of l.
7
Suppose 4*s + 0*s = 0. Let y(j) = 9*j**2 - j. Let h be y(-1). Let a = s + h. List the prime factors of a.
2, 5
Let b be 2/7 + 248/14. What are the prime factors of 2/(-9) - (-202)/b?
11
Suppose 2*v - 2 = 5*j - 16, v + 6 = 2*j. What are the prime factors of (-10)/(-2 - -1) - v?
2, 3
Suppose -20 = -4*z, -m - 2*z = -0*m - 63. What are the prime factors of m?
53
Suppose 0 = -3*k + 4*o + 43, 0*k - 3*k + o = -49. List the prime factors of k.
17
Let k = 4 - -1. Suppose 4*a = -a + 270. Suppose -3*y - a = -k*j, -j - 3*y + 9 = -9. List the prime factors of j.
2, 3
Suppose 2*c + r = 115, c + 0*r - 65 = -2*r. Suppose 2*t = 7*t - c. List the prime factors of t.
11
Let p(z) = -9*z - 3. List the prime factors of p(-6).
3, 17
What are the prime factors of 1*15/(-10)*-102?
3, 17
Suppose 0*g - 5*g + 5*j = 5, 2*g + 3*j = 3. Suppose 6*a - 2*a - 108 = g. List the prime factors of a.
3
Let m(u) = -u**2 - 7*u - 1. Let z be m(-6). Suppose y - 4*l = -2 - 11, l = 4. Let b = z - y. What are the prime factors of b?
2
Let m(c) be the first derivative of 2*c**3/3 - c**2/2 - c + 1. Let o be m(-1). List the prime factors of (-4)/o + -1 + 5.
2
Let w = 64 + 8. What are the prime factors of w?
2, 3
Let l(j) = -j**3 + 5*j**2 + 8*j - 1. Let g(v) be the second derivative of v**5/20 - v**4/6 - 3*v**2/2 + v. Let k be g(3). List the prime factors of l(k).
11
Let f = 65 + -22. What are the prime factors of f?
43
Let q = 2 + 1. Let k(h) = 3*h - 3. List the prime factors of k(q).
2, 3
Let z(y) = 3*y. List the prime factors of z(11).
3, 11
Let t be (333 - -1)/((-7)/(-7)). Suppose 4*s = t - 42. Suppose -1 = x - 0*x, -5*f = 2*x - s. What are the prime factors of f?
3, 5
Suppose 2*a + 2 = 3*a. Suppose a*r = 5*p - 7, -4 = 4*p - 16. Suppose d = -r*y + 41, 3*y + 3*d = -d + 21. List the prime factors of y.
11
Suppose 5 = -3*w - 10. Let f = 12 + w. List the prime factors of f.
7
Let t be -1 + (0 - (-2 + 2)). Let v(w) = 9*w**2 + 1. Let o be v(t). Suppose -40 = -5*u - o. What are the prime factors of u?
2, 3
Let c(a) = -3*a - 5. List the prime factors of c(-3).
2
Suppose -3*t = -6*t - 12. List the prime factors of (26/t)/(1/(-2)).
13
Suppose 3*c + 5 + 13 = 0. List the prime factors of 33/(-2)*4/c.
11
Suppose 0 = -5*j + 2*a - 54 - 28, -3*a = 2*j + 29. List the prime factors of 7/4 + (-4)/j.
2
Let a be 2/6 + 1554/63. List the prime factors of (-3 - (-3 - 4)) + a.
29
Let f(s) = s**2. Let r(o) = 8*o**2 - o. Let q(v) = 6*f(v) + r(v). List the prime factors of q(1).
13
Suppose 832 = 3*o - 2*l, 0 = -4*o + 2*l + 64 + 1048. What are the prime factors of o?
2, 5, 7
Suppose 132*a = 130*a + 142. What are the prime factors of a?
71
Let d(g) = g**3 + 4*g**2 - 6*g - 3. Let u(t) = t**3 - 5*t**2 + 3*t - 1. Let z be u(4). What are the prime factors of d(z)?
2
Let f(b) = b**2 + 3*b. Let u be f(-3). Let q be 5*(u + 1 - 0). Suppose 2*a - 17 = n - 6*n, -4*a + 19 = q*n. What are the prime factors of n?
3
Let b = 62 + -44. Let j = -5 + b. What are the prime factors of j?
13
Let k = 10 + -4. Let j be 3/(1*9/k). Suppose 5 = j*f - 3*f, -f = 2*v - 3. What are the prime factors of v?
2
Let s(t) be the first derivative of 1 + t - 7/2*t**2 - 1/3*t**3. List the prime factors of s(-5).
11
Let f(y) = 2*y**2 - 6*y - 38. What are the prime factors of f(-9)?
2, 89
Suppose -3*n + 32 = -3*p - 22, 2*n = -3*p + 36. Let d = 30 - n. List the prime factors of d.
2, 3
Let q(k) = 19*k**2 + 5*k. List the prime factors of q(-2).
2, 3, 11
Let y be (-12)/(-5) + (-8)/20. Suppose i - c = y*c + 4, 0 = i - 5*c + 2. What are the prime factors of i?
13
Suppose 20*y = 16*y + 140. What are the prime factors of y?
5, 7
Suppose 3*z - 34 - 56 = 0. List the prime factors of z.
2, 3, 5
Let v(c) = c**2 + 15*c - 29. Let p be v(-17). Let m(b) = -4*b**3 - b**2 - 2*b - 1. Let i be m(-1). Suppose 11 = p*t - i*t.